 + 20. What is the remainder when 18 is divided by i?
2
Suppose -6*y = -3*y + 42. Let l = y + 36. What is the remainder when l is divided by 8?
6
Let r(b) = b**2 - b + 10. Let d = 8 + -2. What is the remainder when r(0) is divided by d?
4
Let f = 11 + -7. Suppose -f*c + h = -23, 3*c + 4*h = -1 + 4. What is the remainder when 19 is divided by c?
4
Suppose 82*a - 69*a = 195. Let j be 1/(-2)*0 - -3. Suppose j*k - k - 56 = 0. Calculate the remainder when k is divided by a.
13
Suppose 93 = 2*o - 51. Suppose 0*x + o = 4*x. What is the remainder when x is divided by 5?
3
Suppose 2*b = 5 - 53. Let g = b - -83. What is the remainder when g is divided by 15?
14
Let h(w) = w**2 + 3*w - 5. Let r be h(6). Suppose -3*f = -r - 23. Calculate the remainder when f is divided by 13.
11
Let k(n) = -n + 18. Let m be k(9). Let g = -6 + m. Calculate the remainder when g is divided by 3.
0
Let m be 9/2 + 30/(-20). Calculate the remainder when 5 - m - 0/(-1) is divided by (-2)/(-7) - 24/(-14).
0
Let t = 83 - 59. Let b = -19 + 40. What is the remainder when t is divided by (5 + b)/(-1 + 3)?
11
Suppose 307 = 4*t + 59. Calculate the remainder when t is divided by 21.
20
Calculate the remainder when ((-24)/(-15))/(-4)*-30 is divided by 5.
2
Let t = -9 + 14. Let x(z) = -z**3 - 3*z**2 + 4*z + 2. Let u be x(-4). Suppose 2*r - 2 = u. Calculate the remainder when t is divided by r.
1
Calculate the remainder when 4 + 1 + (68 - 2) is divided by 37.
34
Let g be 16/9 - 4/(-18). Suppose 5*a - s - 118 = -20, -g*a + s + 38 = 0. What is the remainder when 38 is divided by a?
18
Let z(x) = x - 1. Let q be z(-5). Suppose 0 = -3*k + k + 22. What is the remainder when (-1)/3 - 128/q is divided by k?
10
Suppose 0 = 8*u - 9*u + 1. Let b(g) = -18*g - 4. Let r be b(-3). Calculate the remainder when 7 is divided by u/(-6) - r/(-12).
3
Let s(k) = 4*k**2 + 8*k - k**2 + 5 + 2*k. Let w(i) = 2*i**2 + 9*i + 5. Let o(q) = 3*s(q) - 4*w(q). Calculate the remainder when 21 is divided by o(8).
10
Suppose 0*c + 70 = 5*c. What is the remainder when 18/4*(-130)/(-15) is divided by c?
11
Suppose 3*j - 33 - 9 = 0. Let b(v) = v**2 - 3. Let i be b(-3). Let w(r) = r**2 - r - 4. Calculate the remainder when w(i) is divided by j.
12
Let o be (15/9)/(2/(-6)). Let j = 8 + o. Calculate the remainder when j is divided by 2.
1
Let d be 381/(-7) + (-30)/(-70). Let i = 13 - d. What is the remainder when i is divided by 34?
33
Let c = 26 + -17. What is the remainder when c is divided by 6?
3
Suppose 7*y - 99 = 6*y. Calculate the remainder when y is divided by 17.
14
Suppose -4*g - 207 = -l, -3*l + 4*g = l - 804. Calculate the remainder when l is divided by 25.
24
Let l = -1 - -13. What is the remainder when 31 is divided by l?
7
Let w(v) = -v**3 - 5*v**2 + 6. Let i = -3 + 0. Let a be (-6 - 0)*(4 + i). Calculate the remainder when w(a) is divided by 22.
20
Let j(k) = 2*k - 5. Let t be j(5). Let l(n) = -n**2 + 5*n + 11. Calculate the remainder when l(t) is divided by 6.
5
Let i(q) = 2*q - 2. Let g be i(-2). Let m = -5 - g. What is the remainder when m is divided by 1?
0
Let x(j) = -j - 2. Let m be x(4). Let p(b) = -b + 5. What is the remainder when p(m) is divided by 3?
2
Calculate the remainder when 19 is divided by 4/12 - (-56)/12.
4
Calculate the remainder when 1/(-3 + 28/8) is divided by 2.
0
Suppose 2*p + 2*p = -12, 0 = 4*g - 3*p - 113. Suppose -94 = -3*l - 2*u + 205, -5*u = 2*l - 192. What is the remainder when l is divided by g?
23
Let d(y) = 14*y - 6. Let s(t) = -t**3 + t. Let h(p) = 2*p**2 - 5*p + 2. Let x(c) = -h(c) - 2*s(c). Calculate the remainder when x(3) is divided by d(2).
21
Let u = -22 - -31. Suppose -5*a = 2*b + 1, -3*b - 4*a + 8 + 8 = 0. Let n = u + b. Calculate the remainder when 62 is divided by n.
20
Suppose i + 6 = -q - 2*i, 4*q + i = 31. Let r(w) = 5*w + 5. What is the remainder when r(4) is divided by q?
7
Let a(n) = n**3 - 9*n**2 + 2*n + 8. Let f(c) = 14*c. What is the remainder when a(9) is divided by f(1)?
12
Let c = -50 + 75. Let w(y) = y**2 - 4*y - 3. Let q be w(4). What is the remainder when c is divided by (-3)/(4/q - -1)?
7
Suppose 3*b + 2*h = 47, -2 = -b - 3*h + 16. Suppose 0 = 4*f - 24 + 8. Calculate the remainder when b is divided by f.
3
Let w = -33 - -12. Let o = 40 + w. Let a(q) = -q**2 + 6*q - 2. What is the remainder when o is divided by a(3)?
5
Suppose -x - 3 - 45 = 0. Let o = x + 84. Suppose u = -2*w + o, 0 = -5*w - 0*u + 5*u + 90. Calculate the remainder when 52 is divided by w.
16
Suppose -3*t = 4 + 2. Let f(m) be the third derivative of -7*m**4/24 - m**3/3 + 2*m**2. Calculate the remainder when 35 is divided by f(t).
11
Let a = 8 - 7. Let i = a + -2. What is the remainder when i/(-4)*-47*-4 is divided by 12?
11
Suppose 0 = d - 3. Suppose -d*y + 174 + 33 = 0. What is the remainder when y is divided by 18?
15
Let v(o) = -7*o**3 + 9*o**2 - o + 12. Let l(u) = u**3 - u**2 + u - 1. Let y(d) = -6*l(d) - v(d). Calculate the remainder when y(5) is divided by 11.
8
Let o = 143 - 40. Calculate the remainder when o is divided by 35.
33
Suppose -k + 6*r - 3*r + 126 = 0, -r = -4*k + 504. Suppose 3*q = -45 + k. What is the remainder when q is divided by 14?
13
Suppose -o + 3*o = 3*l - 23, -5*o = l - 19. Calculate the remainder when 17 is divided by l.
8
Suppose -4*y + 149 + 155 = 0. What is the remainder when y is divided by 13?
11
Suppose 2*u - 22 = -4*m, 5*m + u = 11 + 15. Suppose 3*d = -m + 59. What is the remainder when d is divided by 7?
4
Let v(m) = 2*m**2 + 7*m + 6. Let b(u) = 2*u**3 + 4*u**2 - 7*u - 7. What is the remainder when b(3) is divided by v(-5)?
20
Let m = 15 + -56. Let l = m - -70. What is the remainder when l is divided by 15?
14
Let d(r) = r + 11. Suppose -5*m = -3*p - 21, 7*p = 2*m + 3*p - 14. Calculate the remainder when d(-6) is divided by m.
2
Let f = -4 - -12. Calculate the remainder when f is divided by 5.
3
Suppose -32 = -m - 3*m. Suppose -m*l + 36 = -6*l. What is the remainder when 70 is divided by l?
16
Let b = -27 + 58. Suppose -4*j = -195 + b. Calculate the remainder when j is divided by 14.
13
Suppose 15*l - 42 = 12*l. Calculate the remainder when 82 is divided by l.
12
Let x = 13 - 12. Let t(c) = -c**2 - 5*c + 3. Calculate the remainder when t(-4) is divided by 0 + 4 - 0/x.
3
Let u be ((-4)/10)/((-2)/30). Suppose -8 = -2*t - d, 0 = 5*t + d - 20 + u. Let p = -1 - -3. What is the remainder when p is divided by t?
0
Suppose 0 = 4*q - 1 + 17, -2*p + 100 = 2*q. What is the remainder when p is divided by 14?
12
Let q(z) = z - 1. Calculate the remainder when 20 is divided by q(9).
4
Calculate the remainder when 83 is divided by ((-9)/15)/((-4)/140).
20
Suppose -2*c = o, 0 = -o + 2*o + c - 4. What is the remainder when (-4 - -3)/((-25)/(-13) - 2) is divided by o?
5
Let h(i) = i**3 + 8*i**2 - 2*i + 1. What is the remainder when 45 is divided by h(-8)?
11
Let v = -116 - -178. Calculate the remainder when v is divided by (8*12/(-40))/((-21)/140).
14
Let s = 4 - -7. Let o = 22 - 3. Calculate the remainder when o is divided by s.
8
Let k = 11 + -9. Suppose -m - 4 = -k*m. Suppose -2*z - 29 = -g, 20 + 56 = m*g + 2*z. Calculate the remainder when 41 is divided by g.
20
Let h be (-30)/8 - 2/8. Suppose 4*v - 5*f - 3 = 0, 50 - 11 = 2*v + 5*f. What is the remainder when v is divided by 0 - h - (0 + 1)?
1
Let z(f) = f**3 + 5*f**2 - 8*f - 9. Let m be 11*3*2/6. Let y = 18 - m. What is the remainder when y is divided by z(-6)?
1
Let l = 25 - 4. Let m = -10 - -14. Calculate the remainder when 120/l - (-4)/14 is divided by m.
2
Suppose 4 + 2 = -o. Let g be 2/o - (-222)/18. Suppose -2*y - 2*y + g = 0. Calculate the remainder when 4 is divided by y.
1
Let h = 36 - 24. Let y = 6 - 3. Suppose -2*s + 35 = y*s. Calculate the remainder when h is divided by s.
5
Let w(c) = -3*c**2 + 6*c + 7. Let a be w(8). Let k = -63 - a. What is the remainder when k is divided by 19?
17
Let x be (5 - 0)*18/15. Let d = x - 3. Suppose -d*f = -0*f - 78. What is the remainder when f is divided by 14?
12
Let s be 2/(-4) + (-2)/(-4). Suppose s = -5*w + 12 + 8. What is the remainder when w is divided by 3?
1
Let o be (-50)/(0 + (2 - 4)). Suppose 15 = 4*j + z, 2*j + 5*z = 7*j - o. What is the remainder when j is divided by 3?
1
Suppose 0*f = 3*f + z - 16, -2*z - 8 = -2*f. Suppose 0*v + v = f. Let w(m) = m**2 + 